he remainder when 364323 is divided by 9?
3
Calculate the remainder when 350670 is divided by 2618.
2476
Calculate the remainder when 91338 is divided by 624.
234
What is the remainder when 301747 is divided by 2573?
706
What is the remainder when 1893569 is divided by 631174?
47
Calculate the remainder when 40814 is divided by 249.
227
What is the remainder when 117174 is divided by 39058?
0
What is the remainder when 2033639 is divided by 1590?
29
Calculate the remainder when 214027 is divided by 2853.
52
What is the remainder when 605515 is divided by 100909?
61
What is the remainder when 12441447 is divided by 20?
7
Calculate the remainder when 389127 is divided by 6595.
22
Calculate the remainder when 12477 is divided by 7616.
4861
Calculate the remainder when 447108 is divided by 1863.
1851
What is the remainder when 216152 is divided by 312?
248
What is the remainder when 163709 is divided by 632?
21
Calculate the remainder when 1149891 is divided by 3392.
3
Calculate the remainder when 771664 is divided by 923.
36
What is the remainder when 2488009 is divided by 311000?
9
What is the remainder when 5581794 is divided by 4235?
64
What is the remainder when 179116502 is divided by 2150?
2
What is the remainder when 1908531337 is divided by 429?
427
Calculate the remainder when 8975612 is divided by 118100.
12
Calculate the remainder when 14858101 is divided by 3714524.
5
Calculate the remainder when 2208428 is divided by 228.
20
Calculate the remainder when 1783553 is divided by 6655.
13
Calculate the remainder when 7652729 is divided by 1872.
1865
Calculate the remainder when 108143 is divided by 1774.
1703
Calculate the remainder when 11577583 is divided by 299.
4
What is the remainder when 56304 is divided by 5072?
512
Calculate the remainder when 112427 is divided by 1836.
431
What is the remainder when 1184091 is divided by 55?
51
Calculate the remainder when 251277 is divided by 41807.
435
What is the remainder when 453962 is divided by 170?
62
What is the remainder when 53501 is divided by 16039?
5384
Calculate the remainder when 34485078 is divided by 3412.
3406
Calculate the remainder when 156127 is divided by 3519.
1291
What is the remainder when 1053283 is divided by 3978?
3091
Calculate the remainder when 307468 is divided by 193.
19
Calculate the remainder when 64780 is divided by 178.
166
Calculate the remainder when 3251714 is divided by 650342.
4
What is the remainder when 1695157 is divided by 219?
97
Calculate the remainder when 252903190 is divided by 4117.
4114
Calculate the remainder when 9811590 is divided by 503.
72
Calculate the remainder when 2416942 is divided by 62.
58
What is the remainder when 3080192 is divided by 1796?
52
Calculate the remainder when 106878 is divided by 3707.
3082
Calculate the remainder when 52422561 is divided by 8737089.
27
What is the remainder when 1015582 is divided by 338523?
13
Calculate the remainder when 3468294 is divided by 86.
0
Calculate the remainder when 116719 is divided by 1474.
273
Calculate the remainder when 2146616 is divided by 9542.
9208
Calculate the remainder when 23536 is divided by 2020.
1316
What is the remainder when 182607 is divided by 15213?
51
Calculate the remainder when 1034444 is divided by 112.
12
What is the remainder when 170277824 is divided by 89?
87
Calculate the remainder when 204481 is divided by 51112.
33
Calculate the remainder when 4012493 is divided by 19.
16
What is the remainder when 150135 is divided by 35?
20
Calculate the remainder when 1693575 is divided by 1019.
1016
What is the remainder when 57093 is divided by 5134?
619
What is the remainder when 12268383 is divided by 48?
15
Calculate the remainder when 129707 is divided by 2354.
237
What is the remainder when 31917993 is divided by 4559707?
44
What is the remainder when 2950170 is divided by 74?
12
What is the remainder when 45597084 is divided by 330?
324
Calculate the remainder when 62605 is divided by 100.
5
What is the remainder when 7841914 is divided by 3920873?
168
What is the remainder when 12491665 is divided by 48230?
95
Calculate the remainder when 11235007 is divided by 257.
252
What is the remainder when 67304 is divided by 233?
200
What is the remainder when 36116 is divided by 2751?
353
Calculate the remainder when 13318120 is divided by 7.
4
What is the remainder when 1294484 is divided by 5676?
356
What is the remainder when 2537681 is divided by 591?
518
What is the remainder when 12777336 is divided by 85?
51
Calculate the remainder when 197572 is divided by 941.
903
What is the remainder when 45898455 is divided by 552993?
36
What is the remainder when 196500345 is divided by 748?
745
What is the remainder when 112450346 is divided by 67782?
8
Calculate the remainder when 1060923 is divided by 529952.
1019
What is the remainder when 282333 is divided by 11807?
10772
What is the remainder when 3951320 is divided by 234?
230
Calculate the remainder when 16533771 is divided by 109.
106
Calculate the remainder when 1213435 is divided by 93340.
15
Calculate the remainder when 38077 is divided by 289.
218
What is the remainder when 6433929 is divided by 3216952?
25
Calculate the remainder when 3314628 is divided by 4962.
12
What is the remainder when 6473518 is divided by 19?
9
Calculate the remainder when 2973920 is divided by 495652.
8
Calculate the remainder when 193140 is divided by 2874.
582
Calculate the remainder when 204962 is divided by 1753.
1614
What is the remainder when 850363 is divided by 2609?
2438
Calculate the remainder when 4225 is divided by 755.
450
What is the remainder when 114764 is divided by 35562?
8078
Calculate the remainder when 28176648 is divided by 48083.
10
Calculate the remainder when 60569188 is divided by 30284592.
4
What is the remainder when 1628460 is divided by 6099?
27
What is the remainder when 36924 is divided by 16336?
4252
Calculate the remainder when 606745701 is divided by 276.
273
Calculate the remainder when 27800610 is divided by 3035.
10
Calculate the remainder when 3200155 is divided by 1600071.
13
Calculate the remainder when 1865953 is divided by 233241.
25
Calculate the remainder when 333932 is divided by 333892.
40
What is the remainder when 22034070 is divided by 111?
15
Calculate the remainder when 309949 is divided by 154903.
143
Calculate the remainder when 409776 is divided by 136586.
18
Calculate the remainder when 1272537 is divided by 1.
0
Calculate the remainder when 16456418 is divided by 271.
214
Calculate the remainder when 21488474 is divided by 6198.
8
Calculate the remainder when 506240 is divided by 830.
770
Calculate the remainder when 37463 is divided by 36903.
560
What is the remainder when 376301 is divided by 412?
145
What is the remainder when 3332141 is divided by 328?
317
Calculate the remainder when 30718 is divided by 1805.
33
Calculate the remainder when 233619 is divided by 23313.
489
What is the remainder when 320364 is divided by 159834?
696
Calculate the remainder when 543092 is divided by 108582.
182
What is the remainder when 448207 is divided by 2230?
2207
Calculate the remainder when 902921 is divided by 2950.
221
Calculate the remainder when 3765651 is divided by 78432.
915
What is the remainder when 45495 is divided by 11311?
251
What is the remainder when 1392614 is divided by 857?
846
What is the remainder when 935453 is divided by 1138?
17
Calculate the remainder when 78578 is divided by 15662.
268
Calculate the remainder when 36987223 is divided by 569034.
13
What is the remainder when 204007015 is divided by 8?
7
Calculate the remainder when 17258391 is divided by 1350.
1341
Calculate the remainder when 2962533 is divided by 2601.
2595
Calculate the remainder when 63907 is divided by 15950.
107
Calculate the remainder when 265388 is divided by 5132.
3656
What is the remainder when 69496208 is divided by 4343513?
0
Calculate the remainder when 427260 is divided by 31.
18
What is the remainder when 21538691 is divided by 1143?
1142
Calculate the remainder when 1779639 is divided by 10.
9
Calculate the remainder when 429029 is divided by 210.
209
What is the remainder when 2204359 is divided by 165?
124
What is the remainder when 471685 is divided by 4965?
10
What is 